{"id":96,"date":"2019-05-10T11:01:59","date_gmt":"2019-05-10T11:01:59","guid":{"rendered":"http:\/\/iurpress.nl\/?post_type=product&#038;p=96"},"modified":"2020-05-14T08:38:59","modified_gmt":"2020-05-14T08:38:59","slug":"de-brieven-klein-formaat","status":"publish","type":"product","link":"https:\/\/iurpress.nl\/?product=de-brieven-klein-formaat","title":{"rendered":"De Brieven (Klein formaat)"},"content":{"rendered":"<p id=\"product_reference\"><label>Reference:<\/label>\u00a0<span class=\"editable\">ISBN 978-94-91898-18-1<\/span><\/p>\n<p id=\"product_condition\"><label>Condition:<\/label>\u00a0<span class=\"editable\">New product<\/span><\/p>\n<div id=\"short_description_block\">\n<div id=\"short_description_content\" class=\"rte align_justify\">\n<p>Vertaald door vertaalcommissie IUASR<\/p>\n<p>door Bed\u012buzzaman SA\u012aD NURS\u012a,<\/p>\n<p>Uit de serie van de Risale-i Nur,<\/p>\n<p>Rotterdam: IUR Press, 2019,<\/p>\n<p>Pagina&#8217;s: 742 pp.<\/p>\n<p>ISBN: 978-94-91898-18-1<\/p>\n<p>Cover: Hardback<\/p>\n<\/div>\n<\/div>\n","protected":false},"excerpt":{"rendered":"<p id=\"product_reference\"><label>Reference:<\/label>\u00a0<span class=\"editable\">ISBN 978-94-91898-18-1<\/span><\/p>\n<p id=\"product_condition\"><label>Condition:<\/label>\u00a0<span class=\"editable\">New product<\/span><\/p>\n<div id=\"short_description_block\">\n<div id=\"short_description_content\" class=\"rte align_justify\">\n<p>Vertaald door\u00a0vertaalcommissie Islamitische Universiteit Rotterdam<\/p>\n<p>door Bed\u012buzzaman SA\u012aD NURS\u012a,<\/p>\n<p>Uit de serie van de Risale-i Nur,<\/p>\n<p>Rotterdam: IUR Press, 2019,<\/p>\n<p>Pagina&#8217;s: 742 pp.<\/p>\n<p>ISBN: 978-94-91898-18-1<\/p>\n<p>Cover: Hardback<\/p>\n<\/div>\n<\/div>\n","protected":false},"featured_media":52,"template":"","meta":[],"product_brand":[],"product_cat":[22],"product_tag":[],"class_list":{"0":"post-96","1":"product","2":"type-product","3":"status-publish","4":"has-post-thumbnail","6":"product_cat-risale-i-nur","8":"first","9":"instock","10":"shipping-taxable","11":"purchasable","12":"product-type-simple"},"_links":{"self":[{"href":"https:\/\/iurpress.nl\/index.php?rest_route=\/wp\/v2\/product\/96","targetHints":{"allow":["GET"]}}],"collection":[{"href":"https:\/\/iurpress.nl\/index.php?rest_route=\/wp\/v2\/product"}],"about":[{"href":"https:\/\/iurpress.nl\/index.php?rest_route=\/wp\/v2\/types\/product"}],"wp:featuredmedia":[{"embeddable":true,"href":"https:\/\/iurpress.nl\/index.php?rest_route=\/wp\/v2\/media\/52"}],"wp:attachment":[{"href":"https:\/\/iurpress.nl\/index.php?rest_route=%2Fwp%2Fv2%2Fmedia&parent=96"}],"wp:term":[{"taxonomy":"product_brand","embeddable":true,"href":"https:\/\/iurpress.nl\/index.php?rest_route=%2Fwp%2Fv2%2Fproduct_brand&post=96"},{"taxonomy":"product_cat","embeddable":true,"href":"https:\/\/iurpress.nl\/index.php?rest_route=%2Fwp%2Fv2%2Fproduct_cat&post=96"},{"taxonomy":"product_tag","embeddable":true,"href":"https:\/\/iurpress.nl\/index.php?rest_route=%2Fwp%2Fv2%2Fproduct_tag&post=96"}],"curies":[{"name":"wp","href":"https:\/\/api.w.org\/{rel}","templated":true}]}}