{"id":7319,"date":"2023-04-03T11:22:53","date_gmt":"2023-04-03T11:22:53","guid":{"rendered":"https:\/\/iurpress.nl\/?post_type=product&#038;p=7319"},"modified":"2023-04-03T11:30:19","modified_gmt":"2023-04-03T11:30:19","slug":"de-lichtstralen","status":"publish","type":"product","link":"https:\/\/iurpress.nl\/?product=de-lichtstralen","title":{"rendered":"De Lichtstralen"},"content":{"rendered":"<p>De reeks van de <em>Ris\u0101lah al-N\u016br<\/em>, die uit veertien boeken bestaat, bewijst de waarheden van de Qor\u02be\u0101n en de zuilen van het geloof en legt deze aan de hand van een positief wetenschappelijk perspectief uit. Zij verschaft ons op een heldere, beeldende en overtuigende wijze antwoorden op de belangrijkste vragen van de mensheid naar de zin van het bestaan, zoals: \u201dWie ben ik? Waar kom ik vandaan? Waar ga ik heen? Wat is mijn verantwoordelijkheid in deze wereld?\u201d De voornaamste vier boeken van deze reeks bestaan uit <em>De woorden<\/em>, <em>De brieven<\/em>, <em>De flitsen<\/em> en <em>De stralen<\/em>.<\/p>\n<p>De uitleg van Isl\u00e2mitische en wetenschappelijke termen in dit boek is verzorgd door Prof. Dr. Ahmed Akg\u00fcnd\u00fcz. In de definitieve versie van de Engelse versie is het verder verbeterd. Wij zullen de toevoegingen verwerken in de nieuwe edities. Ook alle annotaties (hashiya) van Bad\u012b\u2019uzzaman Sa\u2019\u012bd Nurs\u012b zijn apart verwerkt en zijn te vinden bij de voetnoten.<\/p>\n","protected":false},"excerpt":{"rendered":"<p>Reference: ISBN 978-94-91898-27-3<\/p>\n<p>Condition: New product<\/p>\n<p>Vertaald door vertaalcommissie IUASR<\/p>\n<p>door Bed\u012buzzaman SA\u012aD NURS\u012a,<\/p>\n<p>Uit de serie van de Risale-i Nur,<\/p>\n<p>Rotterdam: IUR Press, 2023,<\/p>\n<p>Pagina&#8217;s: 866 pp.<\/p>\n<p>ISBN: 978-94-91898-27-3<\/p>\n<p>Cover: Hardback<\/p>\n","protected":false},"featured_media":7320,"template":"","meta":[],"product_brand":[],"product_cat":[22],"product_tag":[],"class_list":{"0":"post-7319","1":"product","2":"type-product","3":"status-publish","4":"has-post-thumbnail","6":"product_cat-risale-i-nur","8":"first","9":"instock","10":"featured","11":"shipping-taxable","12":"purchasable","13":"product-type-simple"},"_links":{"self":[{"href":"https:\/\/iurpress.nl\/index.php?rest_route=\/wp\/v2\/product\/7319","targetHints":{"allow":["GET"]}}],"collection":[{"href":"https:\/\/iurpress.nl\/index.php?rest_route=\/wp\/v2\/product"}],"about":[{"href":"https:\/\/iurpress.nl\/index.php?rest_route=\/wp\/v2\/types\/product"}],"wp:featuredmedia":[{"embeddable":true,"href":"https:\/\/iurpress.nl\/index.php?rest_route=\/wp\/v2\/media\/7320"}],"wp:attachment":[{"href":"https:\/\/iurpress.nl\/index.php?rest_route=%2Fwp%2Fv2%2Fmedia&parent=7319"}],"wp:term":[{"taxonomy":"product_brand","embeddable":true,"href":"https:\/\/iurpress.nl\/index.php?rest_route=%2Fwp%2Fv2%2Fproduct_brand&post=7319"},{"taxonomy":"product_cat","embeddable":true,"href":"https:\/\/iurpress.nl\/index.php?rest_route=%2Fwp%2Fv2%2Fproduct_cat&post=7319"},{"taxonomy":"product_tag","embeddable":true,"href":"https:\/\/iurpress.nl\/index.php?rest_route=%2Fwp%2Fv2%2Fproduct_tag&post=7319"}],"curies":[{"name":"wp","href":"https:\/\/api.w.org\/{rel}","templated":true}]}}