{"id":102,"date":"2019-05-10T11:09:15","date_gmt":"2019-05-10T11:09:15","guid":{"rendered":"http:\/\/iurpress.nl\/?post_type=product&#038;p=102"},"modified":"2019-05-10T11:09:15","modified_gmt":"2019-05-10T11:09:15","slug":"verhandeling-over-de-wonderen-van-de-quran","status":"publish","type":"product","link":"https:\/\/iurpress.nl\/?product=verhandeling-over-de-wonderen-van-de-quran","title":{"rendered":"Verhandeling over de wonderen van de Qur\u2019an"},"content":{"rendered":"<p>\u201cZeg: Indien de mens en de onzichtbare wezens (jinn\u2019s) samenwerken om iets soortgelijks als deze Koran voort te brengen, zullen zij dat gelijkwaardige [Boek] niet kunnen voortbrengen, ook al zouden zij elkaar steunen.\u201d (Soera al-Isr\u00e2\u2019, vers 88, Levende Koran)<\/p>\n<p>In deze publicatie bewijst Bediuzzaman Said Nurs\u020b met 40 intellectuele methoden het feit dat de Koran het Woord van Allah is. Het boek, dat een Nederlandse vertaling is uit \u2018De Woorden\u2019 van de Risale-i Nur reeks, behandelt de definitie en de wonderbaarlijkheden van de Koran en geeft de totstandkoming, de bewijsvoering\u00a0 en het belang van deze wonderbaarlijkheden scherpzinnig en aandachtig weer.<\/p>\n","protected":false},"excerpt":{"rendered":"<p id=\"product_reference\"><label>Reference:<\/label>\u00a0<span class=\"editable\">ISBN: 978-94-91898-05-1<\/span><\/p>\n<p id=\"product_condition\"><label>Condition:<\/label>\u00a0<span class=\"editable\">New product<\/span><\/p>\n<div id=\"short_description_block\">\n<div id=\"short_description_content\" class=\"rte align_justify\">\n<p>door Bed\u012buzzaman SA\u012aD NURS\u012a,<\/p>\n<p>Uit de serie van de Risale-i Nur,<\/p>\n<p>Rotterdam: IUR Press, 2014,<\/p>\n<p>Pagina&#8217;s:\u00a0280 pp.<\/p>\n<p>ISBN:\u00a0978-94-91898-05-1<\/p>\n<\/div>\n<\/div>\n","protected":false},"featured_media":82,"template":"","meta":[],"product_brand":[],"product_cat":[22],"product_tag":[],"class_list":{"0":"post-102","1":"product","2":"type-product","3":"status-publish","4":"has-post-thumbnail","6":"product_cat-risale-i-nur","8":"first","9":"instock","10":"shipping-taxable","11":"purchasable","12":"product-type-simple"},"_links":{"self":[{"href":"https:\/\/iurpress.nl\/index.php?rest_route=\/wp\/v2\/product\/102","targetHints":{"allow":["GET"]}}],"collection":[{"href":"https:\/\/iurpress.nl\/index.php?rest_route=\/wp\/v2\/product"}],"about":[{"href":"https:\/\/iurpress.nl\/index.php?rest_route=\/wp\/v2\/types\/product"}],"wp:featuredmedia":[{"embeddable":true,"href":"https:\/\/iurpress.nl\/index.php?rest_route=\/wp\/v2\/media\/82"}],"wp:attachment":[{"href":"https:\/\/iurpress.nl\/index.php?rest_route=%2Fwp%2Fv2%2Fmedia&parent=102"}],"wp:term":[{"taxonomy":"product_brand","embeddable":true,"href":"https:\/\/iurpress.nl\/index.php?rest_route=%2Fwp%2Fv2%2Fproduct_brand&post=102"},{"taxonomy":"product_cat","embeddable":true,"href":"https:\/\/iurpress.nl\/index.php?rest_route=%2Fwp%2Fv2%2Fproduct_cat&post=102"},{"taxonomy":"product_tag","embeddable":true,"href":"https:\/\/iurpress.nl\/index.php?rest_route=%2Fwp%2Fv2%2Fproduct_tag&post=102"}],"curies":[{"name":"wp","href":"https:\/\/api.w.org\/{rel}","templated":true}]}}